= 11*u**2 + 21*u - 114. What is the hundreds digit of d(7)?
5
Let n = 334 - -115. What is the units digit of n?
9
Let p = -377 + 967. What is the hundreds digit of p?
5
Let x = -26 - -36. What is the units digit of ((-106)/x)/(2/(-10))?
3
Let r(m) = m**2 - 2*m - 3. Let k(i) = -2*i - 1. Let c be k(-2). Let w be r(c). What is the units digit of 0 + w - (-150)/3?
0
Let t(d) = 2*d + d - 19 + 778*d**2 - 777*d**2. What is the hundreds digit of t(17)?
3
Let f = -9 + 7. What is the tens digit of (-82)/f*(-5)/(-5)?
4
Let n(f) = 10*f**3 - 2*f**2 + 6*f - 21. What is the tens digit of n(3)?
4
Suppose u = l + 87, -2*l + 5*u = -3*l - 75. Let y = l - -191. What is the tens digit of y?
0
What is the units digit of 539 - 1*(-6 - -10)?
5
Let k(z) = 2*z**2 + 25*z - 18. Let o be k(-14). What is the units digit of 4/(o/165) - (-3)/(-2)?
6
Let b = -17 + 22. Suppose 412 - 97 = b*d. What is the units digit of d?
3
Let c be (4*(-4)/(-16))/((-5)/45). Let h = 23 + c. What is the tens digit of h?
1
Let b = 324 + -146. Suppose -5*d = 8 - b. What is the units digit of d?
4
Suppose -b = 3*z + 383, 69 + 562 = -5*z + 2*b. Let q = -76 - z. What is the tens digit of q?
5
Let f be 665/14*6/(-5). Let u(s) = 24*s - 6. Let v be u(4). Let y = v + f. What is the tens digit of y?
3
Suppose 3*t - 2377 = 6*i - 5*i, 4*t + i - 3160 = 0. What is the tens digit of t?
9
What is the units digit of ((-9)/6)/(78/(-29692))?
1
Let r(f) = 6*f - 33. Let k be r(6). Suppose -v - k*m - 31 = -141, -v = m - 100. What is the tens digit of v?
9
Let g(l) = -l**3 - 23*l**2 + 53*l + 33. What is the tens digit of g(-26)?
8
Suppose 11 - 39 = 4*m. Let w = 199 - m. What is the units digit of w?
6
Let g(q) = 5*q - 8*q + 2*q**2 - 2 + q**2 - 2*q**2. What is the units digit of g(-7)?
8
Suppose -d - 10 = -3*d, -4445 = -5*s + 2*d. What is the units digit of s?
1
Suppose -4*n = s - 1797, -s - 2*n + 1782 = -n. What is the units digit of s?
7
Let n = 20 + -34. Let k(m) = m**2 - m + 2. Let a be k(-5). Let z = a + n. What is the units digit of z?
8
Suppose -5*a = -1850 - 180. Suppose -3*w = -899 - a. What is the units digit of w/21 + 2/7?
1
Suppose 61*p - 102314 - 50125 = 0. What is the units digit of p?
9
Suppose -725 - 19085 = -7*j. What is the thousands digit of j?
2
Suppose 0 = -0*y - y - 4. Let g be -2 + (5 - -3) + y. What is the tens digit of (-8 + 4)/g + 55?
5
Let o = -1 + -2. Let n(g) be the third derivative of -g**4/12 - g**3/3 - 3*g**2. What is the units digit of n(o)?
4
Let z(g) = 5*g**3 + 8*g**2. Let m be z(-2). What is the tens digit of 24/(-96) + (-434)/m?
5
Let c = -2 - -8. Suppose m + 3*g = c*m, -3*g = 0. Suppose m*j = -6*j + 180. What is the units digit of j?
0
Let f(z) = z**3 + 12*z**2 + 8*z - 31. Let n be f(-11). Suppose 9*o + n*o = 3399. What is the tens digit of o?
0
Let k = 663 + -289. What is the tens digit of k?
7
Let g be (1 + 1 + 161)*(9 + -8). Suppose 0 = u - 4*i - 77, -3*u - 3*i = -g - 98. What is the tens digit of u?
8
Let u = 5 - -8. Suppose 31 + 10 = 5*q - 4*t, q - 2*t = u. What is the units digit of q/(-10) + (-14)/(-4)?
3
Suppose 0 = 3*w - 4*p - 46, -5*w - 2*p + 3 + 91 = 0. Suppose -8*i = -2*i + w. What is the units digit of i/(-4 - 166/(-42))?
3
What is the thousands digit of -10*672/(-3) + -9?
2
Let f be -2 - ((-3 + -21)/3 + 1). Suppose 0*a + 320 = f*a. What is the tens digit of a?
6
Let z = -7 + 16. Let j be 0 - 26 - (z - 12). Let p = 13 - j. What is the units digit of p?
6
Let f be (-2)/18*-6*9. What is the units digit of 422/10 + (0 - f/30)?
2
Let y = -77 - -75. What is the units digit of 1/y - 264/(-16)?
6
Let p = -94 + 163. Let i = p + 28. What is the units digit of i?
7
Suppose 0 = -a + 3*p - 1 + 16, 0 = -5*a + p + 89. Let t = a - -29. What is the tens digit of t?
4
Let p be (-1 - -3)*(-30)/4. What is the units digit of p/(-35) - (-1164)/28?
2
Let x be (2/(-12) + (-8)/(-12))*8. Let s(l) = 2*l**3 - 5*l**2 + l + 7. What is the units digit of s(x)?
9
Let p(v) = v**2 - 12*v - 10. Let q be p(13). Suppose 3*o - 234 = -3*c, 2*o + 6*c - q*c = 161. What is the tens digit of o?
7
Suppose -71*a - 148379 = -118*a. What is the thousands digit of a?
3
Suppose -3*u - 4*k + 648 = 0, -5*u + 1097 - 31 = 2*k. What is the units digit of u?
2
Let z be 3/4 - 99/(-12). What is the units digit of -3*((-93)/z + -3)?
0
What is the thousands digit of 1591/((-3)/((-21)/7))?
1
Let d(s) = s + 3. Let g be d(2). Let t(h) = -4 + g + 10 + 5*h. What is the units digit of t(6)?
1
What is the units digit of 5 + -10 + 8 - -1563?
6
Suppose -4*p - 3*p = -637. Let y = -44 + p. What is the units digit of y?
7
Suppose 0 = -2*z + 3*z - 3*z. Suppose 5*v + c - 299 = z, -2*v + 5*c + 122 = 6*c. What is the tens digit of v?
5
Let k = 52 - 47. Suppose -5*z = k*y - 1110, 0 = -3*y - z - z + 669. What is the hundreds digit of y?
2
Suppose 16*n = 37 + 267. What is the units digit of n?
9
Let d(s) = s**3 + 8*s**2 + 4*s - 10. Let y = -15 - -20. Suppose 5*a + x = 2*x - 31, -y*a = -2*x + 32. What is the units digit of d(a)?
8
Let t = 12 + -9. Suppose -40 = -t*k + 23. What is the units digit of k?
1
Let r(j) = -267*j + 82. What is the hundreds digit of r(-2)?
6
Let k(q) = 2*q**2 - 9*q + 2. Let g(l) = 3*l**2 + 2 + 1 + 3 - 5 - 8*l. Let y(p) = -3*g(p) + 4*k(p). What is the units digit of y(-11)?
6
Let v be (-112)/(-18) + (-8)/36. Let t = v - -4. Let m = 20 - t. What is the tens digit of m?
1
Suppose 147*k - 130*k - 1156 = 0. What is the units digit of k?
8
Suppose h + h - 3*m = -13, 0 = 4*h - m + 41. Let i(x) = -4*x - 9. What is the tens digit of i(h)?
3
Let d be (22 + -16)/((-2)/(-3)). Suppose -d*k = -1171 + 82. What is the tens digit of k?
2
Let i be (-7)/((-28)/48) + -4. Suppose h = 2*g + 23, g - 126 = -i*h + 3*h. What is the units digit of h?
5
Let r = -2435 + 6099. What is the thousands digit of r?
3
Let x(m) = m**2 - 16*m - 19. Let q be x(13). Let c = q - -106. What is the tens digit of c?
4
Let o(g) = g**3 + 4*g**2 + 4*g + 6. Let v be o(-3). Suppose 0 = -v*a - 3*m + 120, -128 = -3*a - m - 0*m. What is the units digit of a?
4
Suppose 0 = c - 3*c - 4. Let l(b) = b**3 - 5*b**2 + b - 7. Let t be l(5). What is the units digit of (-1)/(c + 3 + t)?
1
Let v be ((-6)/15)/((-2)/580). Let l = 89 + v. What is the tens digit of l?
0
Let y be 5 + (11/(-2) - (-13)/26). Let v(f) = -5*f**2 - 8*f + 61. Let b(n) = n**2 + 2*n - 15. Let j(w) = -9*b(w) - 2*v(w). What is the units digit of j(y)?
3
Suppose 10*c = 11*c + 30. Let b be c/14 - (-24)/168. What is the units digit of (1512/147)/(b/(-14))?
2
Let d = 729 - 474. What is the hundreds digit of d?
2
Let z(u) = 8*u**2 + 24*u + 71. What is the thousands digit of z(19)?
3
Suppose -4*r = -3*g - 0*r + 2184, -2187 = -3*g + 5*r. What is the hundreds digit of g?
7
Let o(p) = 25*p**3 + p**2 + p - 1. Let t = 53 - 74. Let l = -20 - t. What is the tens digit of o(l)?
2
Suppose -5*z - 30 = 3*u - 1115, 868 = 4*z + 4*u. Suppose -5*v + 238 = -z. What is the units digit of v?
1
What is the units digit of -12 - -2 - -1069 - 10?
9
Suppose 4*n - 3721 = w, -15*n = -10*n + 4*w - 4625. What is the hundreds digit of n?
9
Let j = -5 + 6. Suppose 0 = -5*t + 4*u + 98, 5*t + 5*u - j = 124. What is the units digit of t?
2
Suppose -8 = 5*j + 2*g - g, -5*j - 2 = -g. Let p(h) = -2*h - 14*h**3 - 3*h + 4*h - h**2 - 1. What is the units digit of p(j)?
3
Let r(a) = a**2 - 5*a - 4. Let t be r(-3). Suppose 6*o = 11*o - t. What is the tens digit of (-2)/(-1) - (-88)/o?
2
Let y be 42/(-28)*16/(-6). What is the tens digit of ((-14)/7)/(y/(-62))?
3
Let o(l) = 1930*l**2 - 12*l - 11. What is the hundreds digit of o(-1)?
9
Suppose -4*h = -c - 570, 5*h + 0*c - 712 = c. Let m = -76 + h. What is the tens digit of m?
6
Suppose 4*b = -2*f + 22, 4*f = -b - b + 26. Suppose 6 = -f*r - 34. What is the units digit of (-2)/(-3)*(-420)/r?
5
Let l = 793 - 369. What is the units digit of l?
4
Let k(u) = u - 1. Let a(m) = -44*m + 4. Let i(g) = a(g) + 5*k(g). What is the tens digit of i(-1)?
3
Suppose 4*r + 14 = 2. Suppose 2*q + 3*q = -140. What is the tens digit of r/(-7) + (-548)/q?
2
Suppose -2*w + 55 + 2219 = 0. What is the hundreds digit of w?
1
Suppose -6*b + 16590 = 4*b. What is the hundreds digit of b?
6
What is the hundreds digit of (589 - -3)*((-20)/8 + 3)?
2
Suppose 0 = -8*p + 5*p. Suppose p = 3*n + 4*n - 378. What is the tens digit of n?
5
What is t